 = 16*f - 11*f. What is the units digit of f?
6
Let q(i) = 26*i + 36. What is the hundreds digit of q(8)?
2
Let y = 1279 - 633. What is the tens digit of y?
4
What is the hundreds digit of ((-210)/18 + 7)*(-486)/7?
3
Let f(y) = 2*y**3 + y**2 - 4*y + 3. Let n be f(3). Let g = n - 19. What is the tens digit of g?
3
Let m(l) = -l**2 - 10*l - 7. Let d be m(-8). Let h = -6 + d. Suppose h*t - 2*t = 20. What is the tens digit of t?
2
Let s(g) be the third derivative of g**5/15 - g**4/24 + 2*g**2. Let u be s(-1). Suppose u*w + 62 - 272 = 0. What is the tens digit of w?
4
Let m = -27 - -29. What is the tens digit of (-4 - (-5)/m)*-30?
4
Suppose -3 = -s + 7. Let m be 334/s + 10/(-25). Suppose m = 3*j + 2*g, 0*g - 4*g = -12. What is the units digit of j?
9
Suppose -775 = -4*d - 3*j, 5*d + 4*j + 0*j - 969 = 0. Let u = d + -108. What is the tens digit of u?
8
Let w(h) = -h**2 + 11*h - 12. Let v be w(11). What is the units digit of ((-200)/v)/5*(7 + -1)?
0
Suppose y = 2*y - 4. Suppose -5*g + g = 3*j - 473, y*g = 8. What is the units digit of j?
5
Suppose 4*p + 2*z = -538 + 2356, 2*z + 912 = 2*p. What is the hundreds digit of p?
4
Let i = 49 - -15. Suppose 0 = 4*y + 4*y - i. What is the units digit of y?
8
Let v be (381/12)/(-3 - 74/(-24)). Suppose 0 = -3*x + 534 + v. What is the tens digit of x?
0
Let u = 214 - 428. Let a = -133 - u. What is the tens digit of a?
8
Let x = 84 - -240. What is the tens digit of x?
2
Suppose 325*t - 21438 = 316*t. What is the hundreds digit of t?
3
Let p(y) = y**2 - 22*y - 18. Let a be p(21). Let l = -9 - a. What is the tens digit of l?
3
Suppose -36 = -4*p + 3*r, -6*p + 8*p + 2*r - 18 = 0. Let i = p + 242. What is the tens digit of i?
5
Let k(g) = -g**2 - 8*g - 7. Let r be k(-6). Suppose t - j = 1, r*j - 8 = -t - 1. Suppose -5*c + 22 = -0*c + t*p, -5*p = 5*c - 10. What is the units digit of c?
6
Let q = 7 + -8. Let l be q/((-3)/684*3). Suppose -3*a + l = a. What is the tens digit of a?
1
Let g be 1/((-15)/(-102))*5. Let v = 12 - g. What is the tens digit of (-528)/(-14) - v/77?
3
Let w(k) = 22*k**2 + 1. Let j be w(1). Let d be 8/(-12) - -1 - (-14)/3. Suppose 5*n = -3 + j, -4*n - 29 = -d*b. What is the units digit of b?
9
Let k(v) = -163*v + 11. What is the hundreds digit of k(-1)?
1
Let g be 0/3 + (-15)/(-5). Let o be ((-5 - -3) + 2)/g. Suppose x - 17 = -o*x. What is the tens digit of x?
1
Let l = 2106 + -384. What is the thousands digit of l?
1
Suppose -5*s - 4*n = -8*n - 9136, 3*s - n = 5476. What is the thousands digit of s?
1
Let y(v) = v**3 + 16*v**2 - 4. What is the units digit of y(-12)?
2
Let n(j) = 4*j - 4. Let q be n(-3). Let o = 59 - q. What is the units digit of (0 - o)*15/(-25)?
5
Let q(s) = -s**3 + 17*s**2 + 21*s + 15. What is the tens digit of q(17)?
7
Let r(k) = 47*k + 11 + 19*k - 6*k - 9. What is the units digit of r(1)?
2
Suppose 3*l = 234 + 564. Let g = l - 110. What is the tens digit of g?
5
Suppose -5*a + m = -311, -a + 2*m + 312 = 4*a. Suppose v + v = a. Suppose -4*g = -v - 49. What is the tens digit of g?
2
Suppose 161*a - 1412 = 157*a. What is the hundreds digit of a?
3
Let r(h) = -3*h - 16 + 19 + 9*h**2 - h**2. What is the units digit of r(2)?
9
Let l = -22 - -10. What is the tens digit of (-178)/(-3)*l/(-8) - 0?
8
Let n = -7 - -1. What is the units digit of (-40)/6*n/5?
8
Suppose -4*v = m + 9365 + 3672, -m = 5. What is the hundreds digit of (v/45)/((-6)/15)?
1
Suppose 4*l - 18 = -2*l. Suppose -4*v + l*g = -334, 2*v + 5*g = -2*v + 318. What is the tens digit of v?
8
Let k(b) = 5*b**3 + 7*b**2 - 3. Let o(r) = -3*r**3 - 7*r**2 - r + 2. Let h(i) = 2*k(i) + 3*o(i). What is the tens digit of h(8)?
4
Let n = -3 - -169. Let m be 1/((-1)/n*2). Let z = m - -127. What is the tens digit of z?
4
Let b(o) = o**2 - 12*o - 12. Let x be b(19). Let g = x - 81. What is the units digit of g?
0
Let b(s) = -s**3 - 6*s**2 + 8*s + 1. Let m be b(-7). What is the tens digit of (22/m)/((-12)/252)?
7
Suppose 0 = -2*k + 4 - 36. Let c be ((-27)/36)/(6/k). Suppose 3*l = 46 + c. What is the tens digit of l?
1
Suppose -k = 0, 0 = -o + 3*k - 6*k + 1. Let f(l) = 22*l - 2. Let p be f(o). What is the units digit of ((-6)/(-5))/(3/p)?
8
Let j = 419 - -279. What is the hundreds digit of j?
6
Let u be (256/160)/(2/(-520)*-2). Suppose 5*m + 83 = u. What is the units digit of m?
5
Let s(q) = 55*q**2 - 25*q - 23. What is the hundreds digit of s(7)?
4
Let a(m) = 2*m + 4. Suppose 2*t + 2*u = -6, 2*t - 3*u + 16 = 35. What is the units digit of a(t)?
8
Let i(q) = -2*q**2 - 14*q - 6. Let b be i(-6). What is the units digit of (-2)/b + 242/33?
7
What is the tens digit of (-71976)/16*(-16)/24?
9
Let z = 2402 + -1696. What is the tens digit of z?
0
Let s be (-81)/(-21) - (-4)/28. Suppose s*v - 118 = -14. What is the tens digit of v?
2
Let a = 0 - -156. What is the hundreds digit of a?
1
Let t = 105 - -75. What is the units digit of t?
0
Let i = -8 + 20. Suppose -7*v + v + i = 0. What is the tens digit of (-45)/(-2) - 1/v?
2
Let j(t) be the second derivative of t**5/20 + 3*t**4/4 - 5*t**3/2 - 7*t**2/2 - 6*t. Let r be j(-10). Let g = -12 + r. What is the units digit of g?
1
Let s = 16 - 14. Let n be 3 - ((-1 - 18) + s). Let a = 39 - n. What is the tens digit of a?
1
Suppose -2*l - 808 + 2270 = 4*r, -l - 3*r = -728. What is the hundreds digit of l?
7
Let a(g) = 28*g**2 - 16. Let r be a(5). Suppose -36*h = -39*h + r. What is the tens digit of h?
2
Suppose 0 = f - 0*f - o + 5, -3*f - o - 23 = 0. Let p = f + 7. Suppose j - 6*j + 355 = p. What is the units digit of j?
1
Suppose -v - o = -1867, -o + 435 = -v + 2310. What is the thousands digit of v?
1
Suppose -4 = -k + 3*k. Let c be -33*(16/12)/k. What is the tens digit of (-1206)/(-22) - (-4)/c?
5
Let j be (24/(-15))/((-12)/90). Let y be (1 + j/(-8))*140. What is the units digit of (-2370)/y - 2/(-14)?
4
Suppose -3*m + 5298 = 3*v, 585 = -3*m - 5*v + 5885. What is the thousands digit of m?
1
Suppose -2925 = -6*b - 19*b. What is the tens digit of b?
1
Suppose 4*u = -j + 254, 2*j - 253 - 282 = u. What is the hundreds digit of j?
2
Let j(a) = -56*a - 2. Let b be j(-2). Suppose -113*m + 288 = -b*m. What is the tens digit of m?
9
Suppose 0 = 3*j - 9 - 6. Let p be (4/j)/(4/(-30)). Let g = 35 + p. What is the tens digit of g?
2
Let g be (-1)/(-3 + (9/2 - 2)). What is the units digit of (247 + g)/1 + (2 - 4)?
7
Let h be (-10)/25*-5*2. Suppose h*t - 19 - 49 = 0. What is the units digit of t?
7
Let b = 14 + -9. Suppose 5*i = 5, -b*t - i = -369 - 57. What is the tens digit of t?
8
Let v = -1726 + 3659. What is the thousands digit of v?
1
Let v(n) = -2*n**2 + 3 + 2*n**2 - n + 2*n**2 - 3*n. Let b be v(2). Suppose 3*k - 5*h = 83, b*k + 2*h + 8 = 105. What is the tens digit of k?
3
Suppose 8*v - 25*v = -3808. What is the hundreds digit of v?
2
Let l = -20 + 5. Let s be ((-50)/l + -4)*-9. What is the tens digit of (-369)/(-18) + s/(-4)?
1
Suppose -v = 2*v - 18. Suppose -9*d = -v*d. Suppose 0 = -5*l - d*l + 5. What is the units digit of l?
1
Let s = 896 - 607. What is the tens digit of s?
8
Let w be (3/6)/((-1)/(-2)). Let b be (15/12)/(w/4). Suppose 0 = -b*k - 62 + 202. What is the tens digit of k?
2
Let n be (1 + -4)*4/(-6). Suppose 88 = 4*l - n*v, l - 74 = -3*l - 5*v. Let i = 59 - l. What is the tens digit of i?
3
Suppose -5*p = -20, -4*p + 1 - 10 = -5*i. Suppose -87 = -5*x - r - 2*r, -r = -i*x + 71. Suppose -3*a + 0*a + x = 0. What is the units digit of a?
5
Let h be (-306)/27*(-6)/4. Let i = 21 - h. Suppose -f - i*x + 55 = 0, 50 = f + f - 4*x. What is the units digit of f?
5
Suppose 2*n - 32 = -4. Suppose 15*j = n*j + 148. What is the units digit of j?
8
Suppose -g - 6*f + 1303 = -5*f, -5*f - 3909 = -3*g. What is the thousands digit of g?
1
Suppose t = -2*t - 6, -2*c - 4*t + 1490 = 0. What is the tens digit of c?
4
Let u = -304 - -374. Let m be (-11)/(-4) - 1/(-4). Suppose -n - u = -m*n. What is the units digit of n?
5
Let n be (-1)/(-4) - 2/8. Let l(b) = -6*b**2 - 9*b + 23. Let y(k) = 7*k**2 + 11*k - 23. Let z(i) = 6*l(i) + 5*y(i). What is the units digit of z(n)?
3
Suppose 5*n = w + 5, 6*n + 3*w = 4*n + 19. Suppose -n*v + 108 = -76. What is the tens digit of v?
9
Suppose -4 = 3*f - 4*p, -f + 4*p + 12 = -0*p. What is the units digit of (f*2)/(1/(-2))?
2
Let b be (-3)/((-9)/6) + (5 - 13). Let m = b - -70. What is the